{"id":235,"date":"2023-10-12T14:53:20","date_gmt":"2023-10-12T12:53:20","guid":{"rendered":"https:\/\/www.ekifert.com\/?page_id=235"},"modified":"2024-05-16T16:56:42","modified_gmt":"2024-05-16T14:56:42","slug":"engrais","status":"publish","type":"page","link":"https:\/\/www.ekifert.com\/index.php\/engrais\/","title":{"rendered":"Engrais &#038; Amendements organiques \u00e9labor\u00e9s"},"content":{"rendered":"\n\t<section class=\"section\" id=\"section_169444221\">\n\t\t<div class=\"bg section-bg fill bg-fill  \" >\n\n\t\t\t\n\t\t\t<div class=\"section-bg-overlay absolute fill\"><\/div>\n\t\t\t\n\n\t\t<\/div>\n\n\t\t\n\n\t\t<div class=\"section-content relative\">\n\t\t\t\n\n\n\t\t<\/div>\n\n\t\t\n<style>\n#section_169444221 {\n  padding-top: 30px;\n  padding-bottom: 30px;\n  min-height: 250px;\n  background-color: #a0c900;\n}\n#section_169444221 .section-bg-overlay {\n  background-color: rgba(0, 0, 0, 0.128);\n}\n#section_169444221 .section-bg.bg-loaded {\n  background-image: url(https:\/\/www.ekifert.com\/wp-content\/uploads\/2024\/02\/Viticulture_Ekifert.jpg);\n}\n#section_169444221 .section-bg {\n  background-position: 37% 62%;\n}\n@media (min-width:550px) {\n  #section_169444221 {\n    min-height: 325px;\n  }\n}\n<\/style>\n\t<\/section>\n\t\n\t<section class=\"section\" id=\"section_1947235706\">\n\t\t<div class=\"bg section-bg fill bg-fill  bg-loaded\" >\n\n\t\t\t\n\t\t\t\n\t\t\t\n\n\t\t<\/div>\n\n\t\t\n\n\t\t<div class=\"section-content relative\">\n\t\t\t\n\n\t<div id=\"gap-1311642986\" class=\"gap-element clearfix\" style=\"display:block; height:auto;\">\n\t\t\n<style>\n#gap-1311642986 {\n  padding-top: 20px;\n}\n@media (min-width:550px) {\n  #gap-1311642986 {\n    padding-top: 40px;\n  }\n}\n<\/style>\n\t<\/div>\n\t\n\n<div class=\"row\"  id=\"row-49787606\">\n\n\n\t<div id=\"col-67491892\" class=\"col medium-4 small-12 large-4\"  >\n\t\t\t\t<div class=\"col-inner\"  >\n\t\t\t\n\t\t\t\n\n\t<div id=\"gap-1156495300\" class=\"gap-element clearfix hide-for-medium\" style=\"display:block; height:auto;\">\n\t\t\n<style>\n#gap-1156495300 {\n  padding-top: 10px;\n}\n<\/style>\n\t<\/div>\n\t\n\n\t<div id=\"text-269263514\" class=\"text\">\n\t\t\n\n<h2><span class=\"OYPEnA text-decoration-none text-strikethrough-none\">Engrais &amp; Amendements organiques \u00e9labor\u00e9s<\/span><\/h2>\n\t\t\n<style>\n#text-269263514 {\n  font-size: 1.75rem;\n  line-height: 1.25;\n  color: #132e4b;\n}\n#text-269263514 > * {\n  color: #132e4b;\n}\n@media (min-width:850px) {\n  #text-269263514 {\n    line-height: 0.75;\n  }\n}\n<\/style>\n\t<\/div>\n\t\n\n\t\t<\/div>\n\t\t\t\t\n<style>\n#col-67491892 > .col-inner {\n  margin: 0px 0px -20px 0px;\n}\n<\/style>\n\t<\/div>\n\n\t\n\n\t<div id=\"col-1290217594\" class=\"col medium-8 small-12 large-8\"  >\n\t\t\t\t<div class=\"col-inner\"  >\n\t\t\t\n\t\t\t\n\n<p>\u00c0 travers un r\u00e9seau de partenaires de fabrications en France et en Europe, nous offrons une gamme compl\u00e8te de fertilisants \u00e9labor\u00e9s en bouchon. Capables de formuler sur des bases organiques (v\u00e9g\u00e9tal, fientes, composts, farines de viandes C2 et C3), nous mettons en \u0153uvre au quotidien notre savoir-faire en mati\u00e8re de sourcing pour proposer des gammes sur-mesure.<\/p>\n<p>Pour les cultures avec des besoins cibl\u00e9s, nous pouvons \u00e9galement formuler avec des engrais min\u00e9raux (azote, phosphore, potasse, Ca, Mg, So3&#8230;).<\/p>\n<p>Notre r\u00e9activit\u00e9 et nos volumes d&rsquo;achat garantissent des conditions tarifaires optimis\u00e9es et performantes.<\/p>\n<a href=\"https:\/\/www.ekifert.com\/index.php\/contact\/\" class=\"button primary is-outline\"  style=\"border-radius:99px;\">\n    <span>Je prends contact<\/span>\n  <i class=\"icon-angle-right\" aria-hidden=\"true\" ><\/i><\/a>\n\n\n\n\t\t<\/div>\n\t\t\t\t\t<\/div>\n\n\t\n\n<\/div>\n\n\t\t<\/div>\n\n\t\t\n<style>\n#section_1947235706 {\n  padding-top: 30px;\n  padding-bottom: 30px;\n}\n<\/style>\n\t<\/section>\n\t\n\t<section class=\"section\" id=\"section_1520213710\">\n\t\t<div class=\"bg section-bg fill bg-fill  bg-loaded\" >\n\n\t\t\t\n\t\t\t\n\t\t\t\n\n\t\t<\/div>\n\n\t\t\n\n\t\t<div class=\"section-content relative\">\n\t\t\t\n\n<div class=\"row row-collapse row-full-width align-middle\"  id=\"row-1889597880\">\n\n\n\t<div id=\"col-395265674\" class=\"col medium-6 small-12 large-6\"  >\n\t\t\t\t<div class=\"col-inner\"  >\n\t\t\t\n\t\t\t\n\n\n  <div class=\"banner has-hover\" id=\"banner-21611774\">\n          <div class=\"banner-inner fill\">\n        <div class=\"banner-bg fill\" >\n            <div class=\"bg fill bg-fill \"><\/div>\n                        <div class=\"overlay\"><\/div>            \n                    <\/div>\n\t\t\n        <div class=\"banner-layers container\">\n            <div class=\"fill banner-link\"><\/div>            \n\n\n        <\/div>\n      <\/div>\n\n            \n<style>\n#banner-21611774 {\n  padding-top: 300px;\n  background-color: rgb(0,0,0);\n}\n#banner-21611774 .bg.bg-loaded {\n  background-image: url(https:\/\/www.ekifert.com\/wp-content\/uploads\/2024\/05\/photo-site.png);\n}\n#banner-21611774 .overlay {\n  background-color: rgba(0, 0, 0, 0.134);\n}\n#banner-21611774 .bg {\n  background-position: 64% 33%;\n}\n@media (min-width:550px) {\n  #banner-21611774 {\n    padding-top: 652px;\n  }\n}\n<\/style>\n  <\/div>\n\n\n\n\t\t<\/div>\n\t\t\t\t\t<\/div>\n\n\t\n\n\t<div id=\"col-1366748976\" class=\"col medium-6 small-12 large-6\"  >\n\t\t\t\t<div class=\"col-inner\"  >\n\t\t\t\n\t\t\t\n\n<div class=\"row align-center\"  id=\"row-1644066385\">\n\n\n\t<div id=\"col-1465857340\" class=\"col medium-9 small-12 large-11\"  >\n\t\t\t\t<div class=\"col-inner\"  >\n\t\t\t\n\t\t\t\n\n\t<div id=\"text-3081001866\" class=\"text\">\n\t\t\n\n<h2>Quelques exemples d&rsquo;engrais disponibles :<\/h2>\n\t\t\n<style>\n#text-3081001866 {\n  font-size: 1.5rem;\n  color: #132e4b;\n}\n#text-3081001866 > * {\n  color: #132e4b;\n}\n@media (min-width:850px) {\n  #text-3081001866 {\n    font-size: 1.75rem;\n  }\n}\n<\/style>\n\t<\/div>\n\t\n<ul>\n<li style=\"text-align: left;\"><strong>EKITOP 4-3-3 :<\/strong> <span data-text-color=\"secondary\">fientes de poules pondeuses<\/span><\/li>\n<li style=\"text-align: left;\"><strong>EKITOP 3-2-3 :<\/strong> <span data-text-color=\"secondary\">compost de volailles, bovins, \u00e9quins + pulpes de raisins d\u00e9shydrat\u00e9es<\/span><\/li>\n<li style=\"text-align: left;\"><strong>EKITOP 7-4-2 :<\/strong> <span data-text-color=\"secondary\">fientes de poules pondeuses + farine de viande<\/span><\/li>\n<li style=\"text-align: left;\"><strong>EKITOP 9-5-0 :<\/strong> <span data-text-color=\"secondary\">farine de viande (C2 et C3)<\/span><\/li>\n<li style=\"text-align: left;\"><strong>EKITOP 8-4-11 :<\/strong> <span data-text-color=\"secondary\">farine de viande (C2 et C3) + extraits de vinasses UAB<\/span><\/li>\n<\/ul>\n\n\t\t<\/div>\n\t\t\t\t\n<style>\n#col-1465857340 > .col-inner {\n  padding: 50px 20px 20px 20px;\n}\n@media (min-width:550px) {\n  #col-1465857340 > .col-inner {\n    padding: 0px 0px 0px 0;\n  }\n}\n<\/style>\n\t<\/div>\n\n\t\n\n<\/div>\n\n\t\t<\/div>\n\t\t\t\t\t<\/div>\n\n\t\n\n<\/div>\n<div class=\"row\"  id=\"row-1201782082\">\n\n\n\t<div id=\"col-1955277264\" class=\"col small-12 large-12\"  >\n\t\t\t\t<div class=\"col-inner\" style=\"background-color:#273647;\" >\n\t\t\t\n\t\t\t\n\n<div class=\"row align-middle align-center\"  id=\"row-1922575969\">\n\n\n\t<div id=\"col-1978790350\" class=\"col medium-8 small-12 large-8\"  >\n\t\t\t\t<div class=\"col-inner\"  >\n\t\t\t\n\t\t\t\n\n\t<div id=\"text-1244359120\" class=\"text\">\n\t\t\n\n<h2>Un besoin, une demande de renseignement ?<\/h2>\n\t\t\n<style>\n#text-1244359120 {\n  font-size: 1.5rem;\n  text-align: center;\n  color: rgb(255,255,255);\n}\n#text-1244359120 > * {\n  color: rgb(255,255,255);\n}\n<\/style>\n\t<\/div>\n\t\n\t<div id=\"text-48983083\" class=\"text\">\n\t\t\n\n<h2>Contactez nous pour obtenir des informations.<\/h2>\n\t\t\n<style>\n#text-48983083 {\n  font-size: 1.05rem;\n  text-align: center;\n  color: rgb(255,255,255);\n}\n#text-48983083 > * {\n  color: rgb(255,255,255);\n}\n<\/style>\n\t<\/div>\n\t\n\n\t\t<\/div>\n\t\t\t\t\t<\/div>\n\n\t\n\n\t<div id=\"col-703870793\" class=\"col medium-4 small-12 large-4\"  >\n\t\t\t\t<div class=\"col-inner text-center\"  >\n\t\t\t\n\t\t\t\n\n<a href=\"https:\/\/www.ekifert.com\/index.php\/contact\/\" class=\"button white reveal-icon\"  style=\"border-radius:99px;\">\n    <span>Je prends contact<\/span>\n  <i class=\"icon-angle-right\" aria-hidden=\"true\" ><\/i><\/a>\n\n\n\n\t\t<\/div>\n\t\t\t\t\t<\/div>\n\n\t\n\n<\/div>\n\n\t\t<\/div>\n\t\t\t\t\n<style>\n#col-1955277264 > .col-inner {\n  margin: -20px 0px 0px 0px;\n  border-radius: 30px;\n}\n@media (min-width:550px) {\n  #col-1955277264 > .col-inner {\n    margin: -95px 0px 0px 0px;\n  }\n}\n<\/style>\n\t<\/div>\n\n\t\n\n\n<style>\n#row-1201782082 > .col > .col-inner {\n  padding: 10% 10% 5% 10%;\n}\n@media (min-width:550px) {\n  #row-1201782082 > .col > .col-inner {\n    padding: 5% 5% 2% 5%;\n  }\n}\n<\/style>\n<\/div>\n\n\t\t<\/div>\n\n\t\t\n<style>\n#section_1520213710 {\n  padding-top: 0px;\n  padding-bottom: 0px;\n}\n<\/style>\n\t<\/section>\n\t\n\t<section class=\"section\" id=\"section_987111288\">\n\t\t<div class=\"bg section-bg fill bg-fill  bg-loaded\" >\n\n\t\t\t\n\t\t\t\n\t\t\t\n\n\t\t<\/div>\n\n\t\t\n\n\t\t<div class=\"section-content relative\">\n\t\t\t\n\n\t<div id=\"gap-1942999657\" class=\"gap-element clearfix\" style=\"display:block; height:auto;\">\n\t\t\n<style>\n#gap-1942999657 {\n  padding-top: 30px;\n}\n<\/style>\n\t<\/div>\n\t\n\n<div class=\"row row-small align-middle\"  id=\"row-429510125\">\n\n\n\t<div id=\"col-318843212\" class=\"col medium-6 small-12 large-3\"  >\n\t\t\t\t<div class=\"col-inner\"  >\n\t\t\t\n\t\t\t\n\n\n  <div class=\"banner has-hover\" id=\"banner-863966024\">\n          <div class=\"banner-inner fill\">\n        <div class=\"banner-bg fill\" >\n            <div class=\"bg fill bg-fill \"><\/div>\n                                    \n                    <\/div>\n\t\t\n        <div class=\"banner-layers container\">\n            <div class=\"fill banner-link\"><\/div>            \n\n\n        <\/div>\n      <\/div>\n\n            \n<style>\n#banner-863966024 {\n  padding-top: 99.99%;\n  background-color: rgb(255, 255, 255);\n}\n#banner-863966024 .bg.bg-loaded {\n  background-image: url(https:\/\/www.ekifert.com\/wp-content\/uploads\/2023\/12\/DJI_0344-1024x476.jpg);\n}\n#banner-863966024 .bg {\n  background-position: 39% 55%;\n}\n@media (min-width:550px) {\n  #banner-863966024 {\n    padding-top: 400px;\n  }\n}\n@media (min-width:850px) {\n  #banner-863966024 {\n    padding-top: 300px;\n  }\n}\n<\/style>\n  <\/div>\n\n\n\n\t\t<\/div>\n\t\t\t\t\t<\/div>\n\n\t\n\n\t<div id=\"col-130748790\" class=\"col medium-6 small-12 large-3\"  >\n\t\t\t\t<div class=\"col-inner\"  >\n\t\t\t\n\t\t\t\n\n\n  <div class=\"banner has-hover\" id=\"banner-1101591678\">\n          <div class=\"banner-inner fill\">\n        <div class=\"banner-bg fill\" >\n            <div class=\"bg fill bg-fill \"><\/div>\n                                    \n                    <\/div>\n\t\t\n        <div class=\"banner-layers container\">\n            <div class=\"fill banner-link\"><\/div>            \n\n\n        <\/div>\n      <\/div>\n\n            \n<style>\n#banner-1101591678 {\n  padding-top: 99.99%;\n  background-color: rgb(255, 255, 255);\n}\n#banner-1101591678 .bg.bg-loaded {\n  background-image: url(https:\/\/www.ekifert.com\/wp-content\/uploads\/2023\/12\/IMG_8527-1024x670.jpg);\n}\n#banner-1101591678 .bg {\n  background-position: 10% 44%;\n}\n@media (min-width:550px) {\n  #banner-1101591678 {\n    padding-top: 400px;\n  }\n}\n@media (min-width:850px) {\n  #banner-1101591678 {\n    padding-top: 433px;\n  }\n}\n<\/style>\n  <\/div>\n\n\n\n\t\t<\/div>\n\t\t\t\t\t<\/div>\n\n\t\n\n\t<div id=\"col-1289160766\" class=\"col medium-12 small-12 large-6\"  >\n\t\t\t\t<div class=\"col-inner\"  >\n\t\t\t\n\t\t\t\n\n\t<div id=\"gap-234794419\" class=\"gap-element clearfix\" style=\"display:block; height:auto;\">\n\t\t\n<style>\n#gap-234794419 {\n  padding-top: 15px;\n}\n@media (min-width:850px) {\n  #gap-234794419 {\n    padding-top: 30px;\n  }\n}\n<\/style>\n\t<\/div>\n\t\n\n\t<div id=\"text-2965804759\" class=\"text\">\n\t\t\n\n<h2>Une solution sur-mesure pour la logistique et votre transport<\/h2>\n\t\t\n<style>\n#text-2965804759 {\n  font-size: 1.5rem;\n}\n<\/style>\n\t<\/div>\n\t\n<p>Nous disposons d\u2019un solide r\u00e9seau de transport compos\u00e9 d\u2019une dizaine de camions en fond mouvant et 65 partenaires de confiance pour une livraison rapide et efficace de vos marchandises \u00e0 travers le pays.<br \/>Notre exp\u00e9rience, notre savoir-faire et nos moyens techniques nous permettent de vous garantir une prestation s\u00e9curis\u00e9e et de qualit\u00e9 pour tous nos enl\u00e8vements et livraisons.<\/p>\n\n\t\t<\/div>\n\t\t\t\t\n<style>\n#col-1289160766 > .col-inner {\n  padding: 0px 0px 0px 0;\n}\n@media (min-width:850px) {\n  #col-1289160766 > .col-inner {\n    padding: 0px 0px 0px 10%;\n  }\n}\n<\/style>\n\t<\/div>\n\n\t\n\n<\/div>\n\n\t\t<\/div>\n\n\t\t\n<style>\n#section_987111288 {\n  padding-top: 30px;\n  padding-bottom: 30px;\n}\n<\/style>\n\t<\/section>\n\t\n\t<section class=\"section dark\" id=\"section_344588208\">\n\t\t<div class=\"bg section-bg fill bg-fill  bg-loaded\" >\n\n\t\t\t\n\t\t\t\n\t\t\t\n\n\t\t<\/div>\n\n\t\t\n\n\t\t<div class=\"section-content relative\">\n\t\t\t\n\n<div class=\"row row-small align-middle align-center\"  id=\"row-1659693962\">\n\n\n\t<div id=\"col-976644077\" class=\"col medium-10 small-12 large-4\"  >\n\t\t\t\t<div class=\"col-inner\"  >\n\t\t\t\n\t\t\t\n\n\t<div id=\"text-631534586\" class=\"text\">\n\t\t\n\n<h2 class=\"uppercase\">Que souhaitez-vous faire ?<\/h2>\n\t\t\n<style>\n#text-631534586 {\n  text-align: center;\n}\n<\/style>\n\t<\/div>\n\t\n\n\t\t<\/div>\n\t\t\t\t\t<\/div>\n\n\t\n\n\t<div id=\"col-1421760985\" class=\"col medium-10 small-12 large-4\"  >\n\t\t\t\t<div class=\"col-inner text-center\"  >\n\t\t\t\n\t\t\t\n\n<a href=\"https:\/\/www.ekifert.com\/index.php\/contact\/\" class=\"button secondary reveal-icon\"  style=\"border-radius:99px;\">\n    <span>Obtenir un devis<\/span>\n  <i class=\"icon-checkmark\" aria-hidden=\"true\" ><\/i><\/a>\n\n\n\n\t\t<\/div>\n\t\t\t\t\t<\/div>\n\n\t\n\n<\/div>\n\n\t\t<\/div>\n\n\t\t\n<style>\n#section_344588208 {\n  padding-top: 30px;\n  padding-bottom: 30px;\n  background-color: #273647;\n}\n<\/style>\n\t<\/section>\n\t\n\n","protected":false},"excerpt":{"rendered":"","protected":false},"author":1,"featured_media":0,"parent":0,"menu_order":0,"comment_status":"closed","ping_status":"closed","template":"page-blank.php","meta":{"footnotes":""},"class_list":["post-235","page","type-page","status-publish","hentry"],"yoast_head":"<!-- This site is optimized with the Yoast SEO plugin v26.8 - https:\/\/yoast.com\/product\/yoast-seo-wordpress\/ -->\n<title>Engrais &amp; Amendements organiques \u00e9labor\u00e9s - Ekifert<\/title>\n<meta name=\"robots\" content=\"index, follow, max-snippet:-1, max-image-preview:large, max-video-preview:-1\" \/>\n<link rel=\"canonical\" href=\"https:\/\/www.ekifert.com\/index.php\/engrais\/\" \/>\n<meta property=\"og:locale\" content=\"fr_FR\" \/>\n<meta property=\"og:type\" content=\"article\" \/>\n<meta property=\"og:title\" content=\"Engrais &amp; Amendements organiques \u00e9labor\u00e9s - Ekifert\" \/>\n<meta property=\"og:url\" content=\"https:\/\/www.ekifert.com\/index.php\/engrais\/\" \/>\n<meta property=\"og:site_name\" content=\"Ekifert\" \/>\n<meta property=\"article:modified_time\" content=\"2024-05-16T14:56:42+00:00\" \/>\n<meta name=\"twitter:card\" content=\"summary_large_image\" \/>\n<meta name=\"twitter:label1\" content=\"Dur\u00e9e de lecture estim\u00e9e\" \/>\n\t<meta name=\"twitter:data1\" content=\"3 minutes\" \/>\n<script type=\"application\/ld+json\" class=\"yoast-schema-graph\">{\"@context\":\"https:\/\/schema.org\",\"@graph\":[{\"@type\":\"WebPage\",\"@id\":\"https:\/\/www.ekifert.com\/index.php\/engrais\/\",\"url\":\"https:\/\/www.ekifert.com\/index.php\/engrais\/\",\"name\":\"Engrais & Amendements organiques \u00e9labor\u00e9s - Ekifert\",\"isPartOf\":{\"@id\":\"https:\/\/www.ekifert.com\/#website\"},\"datePublished\":\"2023-10-12T12:53:20+00:00\",\"dateModified\":\"2024-05-16T14:56:42+00:00\",\"breadcrumb\":{\"@id\":\"https:\/\/www.ekifert.com\/index.php\/engrais\/#breadcrumb\"},\"inLanguage\":\"fr-FR\",\"potentialAction\":[{\"@type\":\"ReadAction\",\"target\":[\"https:\/\/www.ekifert.com\/index.php\/engrais\/\"]}]},{\"@type\":\"BreadcrumbList\",\"@id\":\"https:\/\/www.ekifert.com\/index.php\/engrais\/#breadcrumb\",\"itemListElement\":[{\"@type\":\"ListItem\",\"position\":1,\"name\":\"Accueil\",\"item\":\"https:\/\/www.ekifert.com\/\"},{\"@type\":\"ListItem\",\"position\":2,\"name\":\"Engrais &#038; Amendements organiques \u00e9labor\u00e9s\"}]},{\"@type\":\"WebSite\",\"@id\":\"https:\/\/www.ekifert.com\/#website\",\"url\":\"https:\/\/www.ekifert.com\/\",\"name\":\"Ekifert\",\"description\":\"N\u00e9goce de fertilisants organiques et coproduits\",\"potentialAction\":[{\"@type\":\"SearchAction\",\"target\":{\"@type\":\"EntryPoint\",\"urlTemplate\":\"https:\/\/www.ekifert.com\/?s={search_term_string}\"},\"query-input\":{\"@type\":\"PropertyValueSpecification\",\"valueRequired\":true,\"valueName\":\"search_term_string\"}}],\"inLanguage\":\"fr-FR\"}]}<\/script>\n<!-- \/ Yoast SEO plugin. -->","yoast_head_json":{"title":"Engrais & Amendements organiques \u00e9labor\u00e9s - Ekifert","robots":{"index":"index","follow":"follow","max-snippet":"max-snippet:-1","max-image-preview":"max-image-preview:large","max-video-preview":"max-video-preview:-1"},"canonical":"https:\/\/www.ekifert.com\/index.php\/engrais\/","og_locale":"fr_FR","og_type":"article","og_title":"Engrais & Amendements organiques \u00e9labor\u00e9s - Ekifert","og_url":"https:\/\/www.ekifert.com\/index.php\/engrais\/","og_site_name":"Ekifert","article_modified_time":"2024-05-16T14:56:42+00:00","twitter_card":"summary_large_image","twitter_misc":{"Dur\u00e9e de lecture estim\u00e9e":"3 minutes"},"schema":{"@context":"https:\/\/schema.org","@graph":[{"@type":"WebPage","@id":"https:\/\/www.ekifert.com\/index.php\/engrais\/","url":"https:\/\/www.ekifert.com\/index.php\/engrais\/","name":"Engrais & Amendements organiques \u00e9labor\u00e9s - Ekifert","isPartOf":{"@id":"https:\/\/www.ekifert.com\/#website"},"datePublished":"2023-10-12T12:53:20+00:00","dateModified":"2024-05-16T14:56:42+00:00","breadcrumb":{"@id":"https:\/\/www.ekifert.com\/index.php\/engrais\/#breadcrumb"},"inLanguage":"fr-FR","potentialAction":[{"@type":"ReadAction","target":["https:\/\/www.ekifert.com\/index.php\/engrais\/"]}]},{"@type":"BreadcrumbList","@id":"https:\/\/www.ekifert.com\/index.php\/engrais\/#breadcrumb","itemListElement":[{"@type":"ListItem","position":1,"name":"Accueil","item":"https:\/\/www.ekifert.com\/"},{"@type":"ListItem","position":2,"name":"Engrais &#038; Amendements organiques \u00e9labor\u00e9s"}]},{"@type":"WebSite","@id":"https:\/\/www.ekifert.com\/#website","url":"https:\/\/www.ekifert.com\/","name":"Ekifert","description":"N\u00e9goce de fertilisants organiques et coproduits","potentialAction":[{"@type":"SearchAction","target":{"@type":"EntryPoint","urlTemplate":"https:\/\/www.ekifert.com\/?s={search_term_string}"},"query-input":{"@type":"PropertyValueSpecification","valueRequired":true,"valueName":"search_term_string"}}],"inLanguage":"fr-FR"}]}},"_links":{"self":[{"href":"https:\/\/www.ekifert.com\/index.php\/wp-json\/wp\/v2\/pages\/235","targetHints":{"allow":["GET"]}}],"collection":[{"href":"https:\/\/www.ekifert.com\/index.php\/wp-json\/wp\/v2\/pages"}],"about":[{"href":"https:\/\/www.ekifert.com\/index.php\/wp-json\/wp\/v2\/types\/page"}],"author":[{"embeddable":true,"href":"https:\/\/www.ekifert.com\/index.php\/wp-json\/wp\/v2\/users\/1"}],"replies":[{"embeddable":true,"href":"https:\/\/www.ekifert.com\/index.php\/wp-json\/wp\/v2\/comments?post=235"}],"version-history":[{"count":2,"href":"https:\/\/www.ekifert.com\/index.php\/wp-json\/wp\/v2\/pages\/235\/revisions"}],"predecessor-version":[{"id":489,"href":"https:\/\/www.ekifert.com\/index.php\/wp-json\/wp\/v2\/pages\/235\/revisions\/489"}],"wp:attachment":[{"href":"https:\/\/www.ekifert.com\/index.php\/wp-json\/wp\/v2\/media?parent=235"}],"curies":[{"name":"wp","href":"https:\/\/api.w.org\/{rel}","templated":true}]}}